rue
Is 574081337 prime?
False
Is 949864177 a composite number?
False
Is 284352631 a prime number?
False
Is 3163589707 composite?
True
Is 9939414917 a composite number?
False
Is 84963654821 prime?
False
Is 3437786551 a prime number?
False
Is 869905999 a composite number?
False
Is 531852793 composite?
True
Is 2061079079 a composite number?
False
Is 50103255563 composite?
False
Is 4161196993 a prime number?
True
Is 5062809757 prime?
False
Is 76593423989 composite?
False
Is 831809963 a composite number?
False
Is 113763747541 prime?
True
Is 1361526151 a composite number?
False
Is 1359526661 a prime number?
True
Is 3462195299 a composite number?
True
Is 45039527207 prime?
True
Is 34578718411 a composite number?
True
Is 30332952833 a composite number?
False
Is 11668544351 a prime number?
False
Is 152281499 prime?
True
Is 144425599 composite?
False
Is 689364589 a composite number?
False
Is 189184681 a prime number?
False
Is 1707089939 composite?
False
Is 394104091 prime?
True
Is 25081062631 prime?
True
Is 8263733941 prime?
True
Is 47320279177 a composite number?
False
Is 15436141741 a composite number?
True
Is 56458919 prime?
False
Is 43069835 a composite number?
True
Is 1920348349 composite?
False
Is 1870369883 a composite number?
True
Is 5278062527 a composite number?
True
Is 5498146502 a composite number?
True
Is 3599525305 a composite number?
True
Is 1342152611 a prime number?
True
Is 21087775657 a prime number?
False
Is 129662320309 composite?
True
Is 133123175581 composite?
True
Is 13351019267 composite?
True
Is 17195441 a composite number?
True
Is 74309579 a composite number?
True
Is 152779121853 prime?
False
Is 2867590291 composite?
False
Is 461632193 composite?
True
Is 48158623973 a prime number?
True
Is 689008421 composite?
False
Is 13215863369 a prime number?
True
Is 132801777419 composite?
False
Is 1263687583 prime?
True
Is 2333456011 composite?
True
Is 24451866573 a prime number?
False
Is 2442994667 a prime number?
False
Is 14939440847 a prime number?
False
Is 1388205769 prime?
True
Is 841642369 composite?
False
Is 121006249841 composite?
False
Is 3611243353 prime?
True
Is 115279900231 a composite number?
True
Is 142566298417 composite?
False
Is 2107472883 prime?
False
Is 9106749347 prime?
True
Is 15047889533 a prime number?
True
Is 19194088453 a composite number?
False
Is 3654886793 a composite number?
True
Is 10591574381 a composite number?
False
Is 6243209855 a composite number?
True
Is 33431460079 composite?
False
Is 353342833 composite?
True
Is 4334510989 prime?
False
Is 26277410239 prime?
False
Is 5153733269 prime?
True
Is 1964193071 a composite number?
False
Is 55689757 a prime number?
False
Is 36262425049 composite?
False
Is 2337654229 a composite number?
True
Is 987365551 a composite number?
True
Is 977807273 a composite number?
True
Is 17350301 a composite number?
False
Is 12194079341 a prime number?
True
Is 24446887799 composite?
True
Is 144872923 prime?
False
Is 614234477 prime?
False
Is 72301927 prime?
False
Is 161481660589 a prime number?
False
Is 601652303 a composite number?
True
Is 2853913081 a composite number?
False
Is 135968947 prime?
True
Is 1419351007 prime?
True
Is 1152614971 prime?
False
Is 9204786587 composite?
False
Is 2727279643 prime?
False
Is 57877762211 composite?
False
Is 192397217 composite?
False
Is 531889205 composite?
True
Is 8353078817 a prime number?
False
Is 37722547337 a prime number?
True
Is 11513759095 prime?
False
Is 2805299051 composite?
False
Is 5744321197 a composite number?
False
Is 8406052595 composite?
True
Is 57773799781 prime?
False
Is 2441532749 prime?
False
Is 28714881997 a composite number?
False
Is 53880752921 a prime number?
False
Is 1478662091 composite?
True
Is 6097238141 composite?
False
Is 738945973 composite?
True
Is 2262153709 a composite number?
True
Is 1192960297 a composite number?
True
Is 12493662931 a prime number?
True
Is 31530087307 prime?
True
Is 35488579037 prime?
True
Is 477122483 composite?
True
Is 15124656727 a prime number?
False
Is 34538071031 prime?
True
Is 386260487 composite?
False
Is 31547291987 composite?
True
Is 148711021309 prime?
True
Is 4531308091 composite?
True
Is 7218312973 composite?
True
Is 429103387 a prime number?
False
Is 27348001841 a prime number?
False
Is 3320851181 a composite number?
True
Is 16557491047 a prime number?
True
Is 45179585107 composite?
True
Is 2939536741 a composite number?
False
Is 865045073 a composite number?
True
Is 611662603 composite?
False
Is 2344776513 a composite number?
True
Is 5949325345 prime?
False
Is 11067831751 a prime number?
True
Is 255961049 a composite number?
True
Is 63102176873 composite?
True
Is 474582331 prime?
True
Is 5888023267 composite?
True
Is 1189742581 a prime number?
False
Is 4558827029 a composite number?
False
Is 13238857711 prime?
False
Is 2469829213 composite?
True
Is 2009201451 a composite number?
True
Is 4456339919 composite?
False
Is 969198367 prime?
False
Is 121528015211 prime?
True
Is 106987627 prime?
True
Is 116144237117 a prime number?
False
Is 373079587 prime?
True
Is 3706495207 a prime number?
True
Is 943295506 prime?
False
Is 12218961851 a composite number?
True
Is 2614031891 a prime number?
True
Is 4420434981 a composite number?
True
Is 1982305097 a prime number?
True
Is 218200331 composite?
True
Is 772605367 a prime number?
True
Is 11308861657 a prime number?
True
Is 275883697 composite?
True
Is 4145113373 composite?
False
Is 235667468671 a composite number?
False
Is 123986004917 a prime number?
False
Is 21801173237 a prime number?
False
Is 237064187 prime?
True
Is 13576593757 a prime number?
True
Is 494505923 a composite number?
False
Is 4953795161 prime?
False
Is 35755270259 a prime number?
False
Is 35364326615 prime?
False
Is 83569284083 a prime number?
True
Is 391647521 a prime number?
False
Is 1540411049 prime?
False
Is 345877601 a prime number?
False
Is 16103627443 a prime number?
False
Is 5553300083 a prime number?
True
Is 13495196051 a composite number?
False
Is 47736625199 prime?
False
Is 6230978843 prime?
True
Is 923920637 a composite number?
False
Is 10555758283 a composite number?
True
Is 51673057981 a prime number?
False
Is 351494149 a prime number?
True
Is 11013201197 a prime number?
False
Is 3306738779 composite?
True
Is 381660799 a prime number?
False
Is 728587751 composite?
True
Is 4687464839 a prime number?
False
Is 237875179 a prime number?
False
Is 15346704853 a composite number?
True
Is 17156792878 prime?
False
Is 12173770019 a composite number?
False
Is 1786414151 composite?
False
Is 18702483223 a prime number?
True
Is 17192188597 composite?
False
Is 33099633229 prime?
False
Is 446029151 a prime number?
False
Is 11054170609 a composite number?
True
Is 1982515547 prime?
True
Is 62400268583 a composite number?
True
Is 7493256619 a prime number?
False
Is 2022419809 composite?
False
Is 2176192351 a prime number?
True
Is 219600843199 a prime number?
False
Is 804550987 composite?
False
Is 3627386483 prime?
False
Is 2088136891 a prime number?
True
Is 4073681397 prime?
False
Is 1184897815 prime?
False
Is 108152683013 composite?
False
Is 517413133 a composite number?
True
Is 80902658423 a composite number?
False
Is 10865711 a composite number?
False
Is 1160811497 a prime number?
False
Is 182171513 prime?
False
Is 7701121327 composite?
False
Is 16189943587 prime?
False
Is 11369198653 prime?
False
Is 3449460647 prime?
True
Is 465835061 a prime number?
True
Is 814141123 composite?
False
Is 208017521 prime?
True
Is 2050152873 composite?
True
Is 65635634029 a prime number?
False
Is 260721143 a prime number?
True
Is 26526008109 a composite number?
True
Is 2396579753 composite?
False
Is 314170121 a prime number?
True
Is 82102789 prime?
True
Is 3781223411 a composite number?
True
Is 5952916661 composite?
False
Is 3378838079 a composite number?
False
Is 55603542977 a prime number?
True
Is 4777083917 a composite number?
False
Is 6310923901 a composite number?
False
Is 111728804203 a prime number?
True
Is 285855319 prime?
False
Is 48656152541 prime?
True
Is 8040374327 a prime number?
True
Is 11209047609 a prime number?
False
Is 9457600651 a composite number?
True
Is 930135133 composite?
True
Is 272250001 prime?
True
Is 1909201841 composite?
False
Is 12608145737 a prime number?